{"id":10072,"date":"2023-06-20T21:37:00","date_gmt":"2023-06-21T02:37:00","guid":{"rendered":"https:\/\/crazyfunco.com\/?post_type=product&#038;p=10072"},"modified":"2026-05-07T05:57:41","modified_gmt":"2026-05-07T10:57:41","slug":"short-bano-fusion","status":"publish","type":"product","link":"https:\/\/crazyfunco.com\/index.php\/producto\/short-bano-fusion\/","title":{"rendered":"Short de ba\u00f1o fusi\u00f3n"},"content":{"rendered":"<p>Short de ba\u00f1o fusi\u00f3n celesta-aqua.<\/p>\n<p><strong>Calidad A1\u00a0<\/strong><\/p>\n<p>Producto original importado de Estado Unidos \ud83c\uddfa\ud83c\uddf8<\/p>\n","protected":false},"excerpt":{"rendered":"<p>Short de ba\u00f1o fusi\u00f3n celesta-aqua.<\/p>\n<p><strong>Calidad A1\u00a0<\/strong><\/p>\n<p>Producto original importado de Estado Unidos \ud83c\uddfa\ud83c\uddf8<\/p>\n","protected":false},"featured_media":10063,"comment_status":"open","ping_status":"closed","template":"","meta":{"_editorskit_title_hidden":false,"_editorskit_reading_time":0,"_editorskit_is_block_options_detached":false,"_editorskit_block_options_position":"{}","inline_featured_image":false},"product_cat":[52,152,67],"product_tag":[106,108,107],"class_list":{"0":"post-10072","1":"product","2":"type-product","3":"status-publish","4":"has-post-thumbnail","6":"product_cat-ellos","7":"product_cat-sale","8":"product_cat-short-de-bano","9":"product_tag-short-de-bano","10":"product_tag-short-de-bano-hombre","11":"product_tag-short-hombre","13":"first","14":"instock","15":"sale","16":"featured","17":"purchasable","18":"product-type-simple"},"jetpack_sharing_enabled":true,"_links":{"self":[{"href":"https:\/\/crazyfunco.com\/index.php\/wp-json\/wp\/v2\/product\/10072","targetHints":{"allow":["GET"]}}],"collection":[{"href":"https:\/\/crazyfunco.com\/index.php\/wp-json\/wp\/v2\/product"}],"about":[{"href":"https:\/\/crazyfunco.com\/index.php\/wp-json\/wp\/v2\/types\/product"}],"replies":[{"embeddable":true,"href":"https:\/\/crazyfunco.com\/index.php\/wp-json\/wp\/v2\/comments?post=10072"}],"wp:featuredmedia":[{"embeddable":true,"href":"https:\/\/crazyfunco.com\/index.php\/wp-json\/wp\/v2\/media\/10063"}],"wp:attachment":[{"href":"https:\/\/crazyfunco.com\/index.php\/wp-json\/wp\/v2\/media?parent=10072"}],"wp:term":[{"taxonomy":"product_cat","embeddable":true,"href":"https:\/\/crazyfunco.com\/index.php\/wp-json\/wp\/v2\/product_cat?post=10072"},{"taxonomy":"product_tag","embeddable":true,"href":"https:\/\/crazyfunco.com\/index.php\/wp-json\/wp\/v2\/product_tag?post=10072"}],"curies":[{"name":"wp","href":"https:\/\/api.w.org\/{rel}","templated":true}]}}