{"id":2116,"date":"2019-07-03T11:00:28","date_gmt":"2019-07-03T16:00:28","guid":{"rendered":"http:\/\/proteo.yithemes.com\/classic-shop\/?post_type=product&#038;p=2116"},"modified":"2023-06-22T19:54:18","modified_gmt":"2023-06-23T00:54:18","slug":"shortazulmarino","status":"publish","type":"product","link":"https:\/\/crazyfunco.com\/index.php\/producto\/shortazulmarino\/","title":{"rendered":"Short de ba\u00f1o azul marino"},"content":{"rendered":"<p>Short de ba\u00f1o dise\u00f1o logo<\/p>\n<p>&nbsp;<\/p>\n<p><img decoding=\"async\" id=\"hola-icon-globe\" style=\"top: 62px; left: 354px;\" src=\"safari-extension:\/\/34E74EA8-E5EE-494F-8224-48F496BF2CC3\/c16ed7e9\/holaIconWhite.svg\" \/><\/p>\n","protected":false},"excerpt":{"rendered":"<p>Short de ba\u00f1o dise\u00f1o cl\u00e1sico logo.<\/p>\n<p>&nbsp;<\/p>\n<p>&nbsp;<\/p>\n<p><img decoding=\"async\" id=\"hola-icon-globe\" style=\"top: 52px; left: 325px;\" src=\"safari-extension:\/\/34E74EA8-E5EE-494F-8224-48F496BF2CC3\/c16ed7e9\/holaIconWhite.svg\" \/><\/p>\n","protected":false},"featured_media":10103,"comment_status":"open","ping_status":"closed","template":"","meta":{"_editorskit_title_hidden":false,"_editorskit_reading_time":0,"_editorskit_is_block_options_detached":false,"_editorskit_block_options_position":"{}","inline_featured_image":false},"product_cat":[52,45,67],"product_tag":[],"class_list":{"0":"post-2116","1":"product","2":"type-product","3":"status-publish","4":"has-post-thumbnail","6":"product_cat-ellos","7":"product_cat-ropa","8":"product_cat-short-de-bano","10":"first","11":"outofstock","12":"purchasable","13":"product-type-simple"},"jetpack_sharing_enabled":true,"_links":{"self":[{"href":"https:\/\/crazyfunco.com\/index.php\/wp-json\/wp\/v2\/product\/2116","targetHints":{"allow":["GET"]}}],"collection":[{"href":"https:\/\/crazyfunco.com\/index.php\/wp-json\/wp\/v2\/product"}],"about":[{"href":"https:\/\/crazyfunco.com\/index.php\/wp-json\/wp\/v2\/types\/product"}],"replies":[{"embeddable":true,"href":"https:\/\/crazyfunco.com\/index.php\/wp-json\/wp\/v2\/comments?post=2116"}],"wp:featuredmedia":[{"embeddable":true,"href":"https:\/\/crazyfunco.com\/index.php\/wp-json\/wp\/v2\/media\/10103"}],"wp:attachment":[{"href":"https:\/\/crazyfunco.com\/index.php\/wp-json\/wp\/v2\/media?parent=2116"}],"wp:term":[{"taxonomy":"product_cat","embeddable":true,"href":"https:\/\/crazyfunco.com\/index.php\/wp-json\/wp\/v2\/product_cat?post=2116"},{"taxonomy":"product_tag","embeddable":true,"href":"https:\/\/crazyfunco.com\/index.php\/wp-json\/wp\/v2\/product_tag?post=2116"}],"curies":[{"name":"wp","href":"https:\/\/api.w.org\/{rel}","templated":true}]}}